{"id":60,"date":"2019-10-16T12:12:49","date_gmt":"2019-10-16T10:12:49","guid":{"rendered":"https:\/\/www.association-et302.fr\/?page_id=60"},"modified":"2019-12-09T01:14:34","modified_gmt":"2019-12-09T00:14:34","slug":"a-propos","status":"publish","type":"page","link":"https:\/\/www.association-et302.fr\/index.php\/a-propos\/","title":{"rendered":"\u00c0 propos"},"content":{"rendered":"\n<blockquote class=\"wp-block-quote\"><p><em>\u00ab\u00a0Ils \u00e9taient des citoyens et des d\u00e9fenseurs de notre monde et avaient pour engagement de le rendre plus s\u00fbr, plus \u00e9cologique, plus solidaire. Cl\u00e9mence, Xavier, Camille, Eric, Suzanne, Jean-Michel, Sarah, Karim, Jonathan, Racha et les 147 autres victimes du crash du vol ET 302 ont disparu pour une cause qui doit \u00eatre juste.\u00a0\u00bb<\/em><\/p><cite>Virginie FRICAUDET, Pr\u00e9sidente de l&rsquo;association<\/cite><\/blockquote>\n\n\n\n<p>Le 10 mars 2019, le vol ET 302, op\u00e9r\u00e9 par un Boeing 737 Max, s\u2019est \u00e9cras\u00e9 en Ethiopie faisant 157 victimes, dont 10 victimes fran\u00e7aises.<\/p>\n\n\n\n<p>L\u2019association des proches des victimes du crash du vol ET 302 a pour objet de cr\u00e9er une cha\u00eene d\u2019entraide et de solidarit\u00e9 entre les familles dans leur recherche de la v\u00e9rit\u00e9 sur les causes du drame et dans la d\u00e9termination des responsabilit\u00e9s. Les actions qu\u2019elle m\u00e8nera contribueront aussi \u00e0 la r\u00e9paration du pr\u00e9judice subi par les familles ainsi qu\u2019\u00e0 la d\u00e9fense et \u00e0 la m\u00e9moire des personnes qui ont perdu la vie dans cette trag\u00e9die.&nbsp;<\/p>\n\n\n\n<p>Pour t\u00e9l\u00e9charger les statuts de l&rsquo;association, <a href=\"https:\/\/www.association-et302.fr\/wp-content\/uploads\/2019\/10\/ET-302-Solidarit\u00e9-et-Justice-Statuts.pdf\" target=\"_blank\" rel=\"noreferrer noopener\" aria-label=\"cliquez ici (ouverture dans un nouvel onglet)\">cliquez ici<\/a><\/p>\n","protected":false},"excerpt":{"rendered":"<p>\u00ab\u00a0Ils \u00e9taient des citoyens et des d\u00e9fenseurs de&#8230;<\/p>\n","protected":false},"author":2,"featured_media":0,"parent":0,"menu_order":0,"comment_status":"closed","ping_status":"closed","template":"","meta":[],"_links":{"self":[{"href":"https:\/\/www.association-et302.fr\/index.php\/wp-json\/wp\/v2\/pages\/60"}],"collection":[{"href":"https:\/\/www.association-et302.fr\/index.php\/wp-json\/wp\/v2\/pages"}],"about":[{"href":"https:\/\/www.association-et302.fr\/index.php\/wp-json\/wp\/v2\/types\/page"}],"author":[{"embeddable":true,"href":"https:\/\/www.association-et302.fr\/index.php\/wp-json\/wp\/v2\/users\/2"}],"replies":[{"embeddable":true,"href":"https:\/\/www.association-et302.fr\/index.php\/wp-json\/wp\/v2\/comments?post=60"}],"version-history":[{"count":12,"href":"https:\/\/www.association-et302.fr\/index.php\/wp-json\/wp\/v2\/pages\/60\/revisions"}],"predecessor-version":[{"id":261,"href":"https:\/\/www.association-et302.fr\/index.php\/wp-json\/wp\/v2\/pages\/60\/revisions\/261"}],"wp:attachment":[{"href":"https:\/\/www.association-et302.fr\/index.php\/wp-json\/wp\/v2\/media?parent=60"}],"curies":[{"name":"wp","href":"https:\/\/api.w.org\/{rel}","templated":true}]}}