{"id":405,"date":"2020-03-04T19:49:48","date_gmt":"2020-03-04T18:49:48","guid":{"rendered":"https:\/\/www.association-et302.fr\/?page_id=405"},"modified":"2020-03-05T16:49:24","modified_gmt":"2020-03-05T15:49:24","slug":"clemence-isaure","status":"publish","type":"page","link":"https:\/\/www.association-et302.fr\/index.php\/en-memoire\/clemence-isaure\/","title":{"rendered":"Cl\u00e9mence-Isaure"},"content":{"rendered":"\t\t<div data-elementor-type=\"wp-page\" data-elementor-id=\"405\" class=\"elementor elementor-405\" data-elementor-settings=\"[]\">\n\t\t\t\t\t\t<div class=\"elementor-inner\">\n\t\t\t\t\t\t\t<div class=\"elementor-section-wrap\">\n\t\t\t\t\t\t\t<section class=\"elementor-section elementor-top-section elementor-element elementor-element-4bd7b34f elementor-section-stretched elementor-section-boxed elementor-section-height-default elementor-section-height-default\" data-id=\"4bd7b34f\" data-element_type=\"section\" data-settings=\"{&quot;stretch_section&quot;:&quot;section-stretched&quot;}\">\n\t\t\t\t\t\t<div class=\"elementor-container elementor-column-gap-default\">\n\t\t\t\t\t\t\t<div class=\"elementor-row\">\n\t\t\t\t\t<div class=\"elementor-column elementor-col-33 elementor-top-column elementor-element elementor-element-55d2f512\" data-id=\"55d2f512\" data-element_type=\"column\" data-settings=\"{&quot;background_background&quot;:&quot;classic&quot;}\">\n\t\t\t<div class=\"elementor-column-wrap elementor-element-populated\">\n\t\t\t\t\t\t\t<div class=\"elementor-widget-wrap\">\n\t\t\t\t\t\t<div class=\"elementor-element elementor-element-27bd2970 elementor-widget elementor-widget-image\" data-id=\"27bd2970\" data-element_type=\"widget\" data-widget_type=\"image.default\">\n\t\t\t\t<div class=\"elementor-widget-container\">\n\t\t\t\t\t<div class=\"elementor-image\">\n\t\t\t\t\t\t\t\t\t\t<img width=\"585\" height=\"706\" src=\"https:\/\/www.association-et302.fr\/wp-content\/uploads\/2020\/03\/CLEMENCE-NB.jpg\" class=\"attachment-large size-large\" alt=\"\" loading=\"lazy\" srcset=\"https:\/\/www.association-et302.fr\/wp-content\/uploads\/2020\/03\/CLEMENCE-NB.jpg 585w, https:\/\/www.association-et302.fr\/wp-content\/uploads\/2020\/03\/CLEMENCE-NB-249x300.jpg 249w, https:\/\/www.association-et302.fr\/wp-content\/uploads\/2020\/03\/CLEMENCE-NB-300x362.jpg 300w\" sizes=\"(max-width: 585px) 100vw, 585px\" \/>\t\t\t\t\t\t\t\t\t\t\t<\/div>\n\t\t\t\t<\/div>\n\t\t\t\t<\/div>\n\t\t\t\t\t\t<\/div>\n\t\t\t\t\t<\/div>\n\t\t<\/div>\n\t\t\t\t<div class=\"elementor-column elementor-col-66 elementor-top-column elementor-element elementor-element-3be4307a\" data-id=\"3be4307a\" data-element_type=\"column\">\n\t\t\t<div class=\"elementor-column-wrap elementor-element-populated\">\n\t\t\t\t\t\t\t<div class=\"elementor-widget-wrap\">\n\t\t\t\t\t\t<div class=\"elementor-element elementor-element-33f38036 elementor-widget elementor-widget-text-editor\" data-id=\"33f38036\" data-element_type=\"widget\" data-widget_type=\"text-editor.default\">\n\t\t\t\t<div class=\"elementor-widget-container\">\n\t\t\t\t\t<div class=\"elementor-text-editor elementor-clearfix\"><p>Cl\u00e9mence-Isaure, 44 ans, \u00e9tait la m\u00e8re tr\u00e8s \u00e9panouie et dynamique de deux petites filles de 9 et 11 ans. Elle avait une formidable ouverture et une curiosit\u00e9 pour le monde, qui furent \u00e0 l&rsquo;origine de sa vocation d&rsquo;humanitaire.<\/p><p>Toute sa vie a \u00e9t\u00e9 consacr\u00e9e \u00e0 aider activement les gens : de son enfance, au sein de sa famille, \u00e0 sa vie d&rsquo;adulte pour ses filles et son mari, ses amis et dans les nombreuses missions humanitaires auxquelles elle a particip\u00e9 ou qu&rsquo;elle a g\u00e9r\u00e9es pendant 20 ans. Dans tout ce qu&rsquo;elle a accompli, elle se donnait enti\u00e8rement, avec amour, une infinie gentillesse et le sens de l&rsquo;\u00e9quit\u00e9 qui la caract\u00e9risait.<\/p><p>Elle repartait \u00e0 Nairobi, dans le cadre de ses fonctions dans une ONG, et s\u2019appr\u00eatait \u00e0 encadrer une formation destin\u00e9e \u00e0 des professionnels de l&rsquo;humanitaire, sur les enjeux d\u2019\u00e9thique et de n\u00e9gociations de l\u2019acc\u00e8s humanitaire aux populations dans des r\u00e9gions en crise.<\/p><\/div>\n\t\t\t\t<\/div>\n\t\t\t\t<\/div>\n\t\t\t\t\t\t<\/div>\n\t\t\t\t\t<\/div>\n\t\t<\/div>\n\t\t\t\t\t\t\t\t<\/div>\n\t\t\t\t\t<\/div>\n\t\t<\/section>\n\t\t\t\t<section class=\"elementor-section elementor-top-section elementor-element elementor-element-6258e5ef elementor-section-boxed elementor-section-height-default elementor-section-height-default\" data-id=\"6258e5ef\" data-element_type=\"section\">\n\t\t\t\t\t\t<div class=\"elementor-container elementor-column-gap-default\">\n\t\t\t\t\t\t\t<div class=\"elementor-row\">\n\t\t\t\t\t<div class=\"elementor-column elementor-col-100 elementor-top-column elementor-element elementor-element-43bd0f7a\" data-id=\"43bd0f7a\" data-element_type=\"column\">\n\t\t\t<div class=\"elementor-column-wrap elementor-element-populated\">\n\t\t\t\t\t\t\t<div class=\"elementor-widget-wrap\">\n\t\t\t\t\t\t<div class=\"elementor-element elementor-element-610c8be3 elementor-widget elementor-widget-text-editor\" data-id=\"610c8be3\" data-element_type=\"widget\" data-widget_type=\"text-editor.default\">\n\t\t\t\t<div class=\"elementor-widget-container\">\n\t\t\t\t\t<div class=\"elementor-text-editor elementor-clearfix\"><p>\u00a9 All rights reserved<\/p><\/div>\n\t\t\t\t<\/div>\n\t\t\t\t<\/div>\n\t\t\t\t\t\t<\/div>\n\t\t\t\t\t<\/div>\n\t\t<\/div>\n\t\t\t\t\t\t\t\t<\/div>\n\t\t\t\t\t<\/div>\n\t\t<\/section>\n\t\t\t\t\t\t<\/div>\n\t\t\t\t\t\t<\/div>\n\t\t\t\t\t<\/div>\n\t\t","protected":false},"excerpt":{"rendered":"<p>Cl\u00e9mence-Isaure, 44 ans, \u00e9tait la m\u00e8re tr\u00e8s \u00e9panouie&#8230;<\/p>\n","protected":false},"author":2,"featured_media":0,"parent":317,"menu_order":0,"comment_status":"closed","ping_status":"closed","template":"","meta":[],"_links":{"self":[{"href":"https:\/\/www.association-et302.fr\/index.php\/wp-json\/wp\/v2\/pages\/405"}],"collection":[{"href":"https:\/\/www.association-et302.fr\/index.php\/wp-json\/wp\/v2\/pages"}],"about":[{"href":"https:\/\/www.association-et302.fr\/index.php\/wp-json\/wp\/v2\/types\/page"}],"author":[{"embeddable":true,"href":"https:\/\/www.association-et302.fr\/index.php\/wp-json\/wp\/v2\/users\/2"}],"replies":[{"embeddable":true,"href":"https:\/\/www.association-et302.fr\/index.php\/wp-json\/wp\/v2\/comments?post=405"}],"version-history":[{"count":6,"href":"https:\/\/www.association-et302.fr\/index.php\/wp-json\/wp\/v2\/pages\/405\/revisions"}],"predecessor-version":[{"id":444,"href":"https:\/\/www.association-et302.fr\/index.php\/wp-json\/wp\/v2\/pages\/405\/revisions\/444"}],"up":[{"embeddable":true,"href":"https:\/\/www.association-et302.fr\/index.php\/wp-json\/wp\/v2\/pages\/317"}],"wp:attachment":[{"href":"https:\/\/www.association-et302.fr\/index.php\/wp-json\/wp\/v2\/media?parent=405"}],"curies":[{"name":"wp","href":"https:\/\/api.w.org\/{rel}","templated":true}]}}