{"id":401,"date":"2020-03-04T19:44:56","date_gmt":"2020-03-04T18:44:56","guid":{"rendered":"https:\/\/www.association-et302.fr\/?page_id=401"},"modified":"2020-03-05T16:55:44","modified_gmt":"2020-03-05T15:55:44","slug":"xavier","status":"publish","type":"page","link":"https:\/\/www.association-et302.fr\/index.php\/en-memoire\/xavier\/","title":{"rendered":"Xavier"},"content":{"rendered":"\t\t<div data-elementor-type=\"wp-page\" data-elementor-id=\"401\" class=\"elementor elementor-401\" data-elementor-settings=\"[]\">\n\t\t\t\t\t\t<div class=\"elementor-inner\">\n\t\t\t\t\t\t\t<div class=\"elementor-section-wrap\">\n\t\t\t\t\t\t\t<section class=\"elementor-section elementor-top-section elementor-element elementor-element-478e10d9 elementor-section-stretched elementor-section-boxed elementor-section-height-default elementor-section-height-default\" data-id=\"478e10d9\" data-element_type=\"section\" data-settings=\"{&quot;stretch_section&quot;:&quot;section-stretched&quot;}\">\n\t\t\t\t\t\t<div class=\"elementor-container elementor-column-gap-default\">\n\t\t\t\t\t\t\t<div class=\"elementor-row\">\n\t\t\t\t\t<div class=\"elementor-column elementor-col-33 elementor-top-column elementor-element elementor-element-2e388e36\" data-id=\"2e388e36\" data-element_type=\"column\" data-settings=\"{&quot;background_background&quot;:&quot;classic&quot;}\">\n\t\t\t<div class=\"elementor-column-wrap elementor-element-populated\">\n\t\t\t\t\t\t\t<div class=\"elementor-widget-wrap\">\n\t\t\t\t\t\t<div class=\"elementor-element elementor-element-66c8d682 elementor-widget elementor-widget-image\" data-id=\"66c8d682\" data-element_type=\"widget\" data-widget_type=\"image.default\">\n\t\t\t\t<div class=\"elementor-widget-container\">\n\t\t\t\t\t<div class=\"elementor-image\">\n\t\t\t\t\t\t\t\t\t\t<img width=\"589\" height=\"705\" src=\"https:\/\/www.association-et302.fr\/wp-content\/uploads\/2020\/03\/XAVIER-NB.jpg\" class=\"attachment-large size-large\" alt=\"\" loading=\"lazy\" srcset=\"https:\/\/www.association-et302.fr\/wp-content\/uploads\/2020\/03\/XAVIER-NB.jpg 589w, https:\/\/www.association-et302.fr\/wp-content\/uploads\/2020\/03\/XAVIER-NB-251x300.jpg 251w, https:\/\/www.association-et302.fr\/wp-content\/uploads\/2020\/03\/XAVIER-NB-300x359.jpg 300w\" sizes=\"(max-width: 589px) 100vw, 589px\" \/>\t\t\t\t\t\t\t\t\t\t\t<\/div>\n\t\t\t\t<\/div>\n\t\t\t\t<\/div>\n\t\t\t\t\t\t<\/div>\n\t\t\t\t\t<\/div>\n\t\t<\/div>\n\t\t\t\t<div class=\"elementor-column elementor-col-66 elementor-top-column elementor-element elementor-element-58a38639\" data-id=\"58a38639\" data-element_type=\"column\">\n\t\t\t<div class=\"elementor-column-wrap elementor-element-populated\">\n\t\t\t\t\t\t\t<div class=\"elementor-widget-wrap\">\n\t\t\t\t\t\t<div class=\"elementor-element elementor-element-7809e669 elementor-widget elementor-widget-text-editor\" data-id=\"7809e669\" data-element_type=\"widget\" data-widget_type=\"text-editor.default\">\n\t\t\t\t<div class=\"elementor-widget-container\">\n\t\t\t\t\t<div class=\"elementor-text-editor elementor-clearfix\"><p>Xavier, 38 ans, brillait par sa curiosit\u00e9, sa tr\u00e8s grande culture et son insatiable soif d\u2019apprendre et de transmettre. Il avait choisi d\u2019\u00eatre l\u2019\u00e9claireur des plus petits dans les \u00e9coles et lyc\u00e9es fran\u00e7ais en Guyanne, en Russie puis au Kenya o\u00f9 il venait de prendre un dernier poste avant de rentrer en France pour se marier. Il a consacr\u00e9 12 ans de sa vie au service de l\u2019Education Nationale, jusqu\u2019au p\u00e9ril de sa vie.<\/p><\/div>\n\t\t\t\t<\/div>\n\t\t\t\t<\/div>\n\t\t\t\t\t\t<\/div>\n\t\t\t\t\t<\/div>\n\t\t<\/div>\n\t\t\t\t\t\t\t\t<\/div>\n\t\t\t\t\t<\/div>\n\t\t<\/section>\n\t\t\t\t<section class=\"elementor-section elementor-top-section elementor-element elementor-element-330e6642 elementor-section-boxed elementor-section-height-default elementor-section-height-default\" data-id=\"330e6642\" data-element_type=\"section\">\n\t\t\t\t\t\t<div class=\"elementor-container elementor-column-gap-default\">\n\t\t\t\t\t\t\t<div class=\"elementor-row\">\n\t\t\t\t\t<div class=\"elementor-column elementor-col-100 elementor-top-column elementor-element elementor-element-46a60379\" data-id=\"46a60379\" data-element_type=\"column\">\n\t\t\t<div class=\"elementor-column-wrap elementor-element-populated\">\n\t\t\t\t\t\t\t<div class=\"elementor-widget-wrap\">\n\t\t\t\t\t\t<div class=\"elementor-element elementor-element-1aab6f86 elementor-widget elementor-widget-text-editor\" data-id=\"1aab6f86\" data-element_type=\"widget\" data-widget_type=\"text-editor.default\">\n\t\t\t\t<div class=\"elementor-widget-container\">\n\t\t\t\t\t<div class=\"elementor-text-editor elementor-clearfix\"><p>\u00a9 All rights reserved<\/p><\/div>\n\t\t\t\t<\/div>\n\t\t\t\t<\/div>\n\t\t\t\t\t\t<\/div>\n\t\t\t\t\t<\/div>\n\t\t<\/div>\n\t\t\t\t\t\t\t\t<\/div>\n\t\t\t\t\t<\/div>\n\t\t<\/section>\n\t\t\t\t\t\t<\/div>\n\t\t\t\t\t\t<\/div>\n\t\t\t\t\t<\/div>\n\t\t","protected":false},"excerpt":{"rendered":"<p>Xavier, 38 ans, brillait par sa curiosit\u00e9, sa&#8230;<\/p>\n","protected":false},"author":2,"featured_media":0,"parent":317,"menu_order":0,"comment_status":"closed","ping_status":"closed","template":"","meta":[],"_links":{"self":[{"href":"https:\/\/www.association-et302.fr\/index.php\/wp-json\/wp\/v2\/pages\/401"}],"collection":[{"href":"https:\/\/www.association-et302.fr\/index.php\/wp-json\/wp\/v2\/pages"}],"about":[{"href":"https:\/\/www.association-et302.fr\/index.php\/wp-json\/wp\/v2\/types\/page"}],"author":[{"embeddable":true,"href":"https:\/\/www.association-et302.fr\/index.php\/wp-json\/wp\/v2\/users\/2"}],"replies":[{"embeddable":true,"href":"https:\/\/www.association-et302.fr\/index.php\/wp-json\/wp\/v2\/comments?post=401"}],"version-history":[{"count":3,"href":"https:\/\/www.association-et302.fr\/index.php\/wp-json\/wp\/v2\/pages\/401\/revisions"}],"predecessor-version":[{"id":435,"href":"https:\/\/www.association-et302.fr\/index.php\/wp-json\/wp\/v2\/pages\/401\/revisions\/435"}],"up":[{"embeddable":true,"href":"https:\/\/www.association-et302.fr\/index.php\/wp-json\/wp\/v2\/pages\/317"}],"wp:attachment":[{"href":"https:\/\/www.association-et302.fr\/index.php\/wp-json\/wp\/v2\/media?parent=401"}],"curies":[{"name":"wp","href":"https:\/\/api.w.org\/{rel}","templated":true}]}}

<div data-elementor-type="wp-page" data-elementor-id="401" class="elementor elementor-401" data-elementor-settings="[]">
						<div class="elementor-inner">
							<div class="elementor-section-wrap">
							<section class="elementor-section elementor-top-section elementor-element elementor-element-478e10d9 elementor-section-stretched elementor-section-boxed elementor-section-height-default elementor-section-height-default" data-id="478e10d9" data-element_type="section" data-settings="{&quot;stretch_section&quot;:&quot;section-stretched&quot;}">
						<div class="elementor-container elementor-column-gap-default">
							<div class="elementor-row">
					<div class="elementor-column elementor-col-33 elementor-top-column elementor-element elementor-element-2e388e36" data-id="2e388e36" data-element_type="column" data-settings="{&quot;background_background&quot;:&quot;classic&quot;}">
			<div class="elementor-column-wrap elementor-element-populated">
							<div class="elementor-widget-wrap">
						<div class="elementor-element elementor-element-66c8d682 elementor-widget elementor-widget-image" data-id="66c8d682" data-element_type="widget" data-widget_type="image.default">
				<div class="elementor-widget-container">
					<div class="elementor-image">
										<img width="589" height="705" src="https://www.association-et302.fr/wp-content/uploads/2020/03/XAVIER-NB.jpg" class="attachment-large size-large" alt="" loading="lazy" srcset="https://www.association-et302.fr/wp-content/uploads/2020/03/XAVIER-NB.jpg 589w, https://www.association-et302.fr/wp-content/uploads/2020/03/XAVIER-NB-251x300.jpg 251w, https://www.association-et302.fr/wp-content/uploads/2020/03/XAVIER-NB-300x359.jpg 300w" sizes="(max-width: 589px) 100vw, 589px" />											</div>
				</div>
				</div>
						</div>
					</div>
		</div>
				<div class="elementor-column elementor-col-66 elementor-top-column elementor-element elementor-element-58a38639" data-id="58a38639" data-element_type="column">
			<div class="elementor-column-wrap elementor-element-populated">
							<div class="elementor-widget-wrap">
						<div class="elementor-element elementor-element-7809e669 elementor-widget elementor-widget-text-editor" data-id="7809e669" data-element_type="widget" data-widget_type="text-editor.default">
				<div class="elementor-widget-container">
					<div class="elementor-text-editor elementor-clearfix"><p>Xavier, 38 ans, brillait par sa curiosité, sa très grande culture et son insatiable soif d’apprendre et de transmettre. Il avait choisi d’être l’éclaireur des plus petits dans les écoles et lycées français en Guyanne, en Russie puis au Kenya où il venait de prendre un dernier poste avant de rentrer en France pour se marier. Il a consacré 12 ans de sa vie au service de l’Education Nationale, jusqu’au péril de sa vie.</p></div>
				</div>
				</div>
						</div>
					</div>
		</div>
								</div>
					</div>
		</section>
				<section class="elementor-section elementor-top-section elementor-element elementor-element-330e6642 elementor-section-boxed elementor-section-height-default elementor-section-height-default" data-id="330e6642" data-element_type="section">
						<div class="elementor-container elementor-column-gap-default">
							<div class="elementor-row">
					<div class="elementor-column elementor-col-100 elementor-top-column elementor-element elementor-element-46a60379" data-id="46a60379" data-element_type="column">
			<div class="elementor-column-wrap elementor-element-populated">
							<div class="elementor-widget-wrap">
						<div class="elementor-element elementor-element-1aab6f86 elementor-widget elementor-widget-text-editor" data-id="1aab6f86" data-element_type="widget" data-widget_type="text-editor.default">
				<div class="elementor-widget-container">
					<div class="elementor-text-editor elementor-clearfix"><p>© All rights reserved</p></div>
				</div>
				</div>
						</div>
					</div>
		</div>
								</div>
					</div>
		</section>
						</div>
						</div>
					</div>

<p>Xavier, 38 ans, brillait par sa curiosité, sa&#8230;</p>
